168)/(-16)*4/3. Let x(y) = -y**3 + 13*y**2 + 17*y - 19. What is the remainder when x(p) is divided by 9?
5
Let u(w) = 3*w**2 - 39*w + 3. Suppose 4*k = -x + 14, -2*k = -x + k + 7. Calculate the remainder when x is divided by u(13).
1
Suppose 3*v - 4*t - 17 = 0, v - 2*t = -5*t + 23. Suppose -2*n + 5*q = 15, -3*n = 2*n - 5*q. Let h = v - n. Calculate the remainder when h is divided by 2.
0
Let f = 0 - -8. Suppose q = -3*u + 33 - f, u - q = 7. Calculate the remainder when 14 is divided by u.
6
Let n(p) = -15*p - 152. Calculate the remainder when n(-30) is divided by 10.
8
Let z be ((-1)/2)/(1/162). Calculate the remainder when 25 is divided by ((-1)/(-3))/((-3)/z).
7
Suppose -3*x = 4*q - 110, -2*x - q = 3*q - 80. Calculate the remainder when x is divided by 16.
14
Let f(h) = h**3 + 8*h**2 - 10*h - 2. What is the remainder when 13 is divided by f(-9)?
6
Suppose u = -4*y + 17, 3*y + 4 - 20 = -u. What is the remainder when 39 is divided by u?
0
Let h = 707 + -547. Calculate the remainder when h is divided by 26.
4
Let m be ((-12)/8)/((-3)/124). Suppose -y = -z - 11 - m, 4*y + 5*z = 301. Calculate the remainder when y is divided by 19.
17
Let g be -14*10/7*3. Let d = 87 + g. Calculate the remainder when d is divided by 10.
7
Suppose 2*x = -2*x + 4*r + 1792, -3*x = -4*r - 1341. Suppose 0 = 5*o + c - 57 - x, -c = -3*o + 300. Calculate the remainder when o is divided by 17.
16
Suppose 12*d - 8*d - 268 = 0. What is the remainder when d is divided by (-4)/(-8) + (-33)/(-2)?
16
Let f = -16 - -30. Suppose -2*y - r + 80 = 0, 0*y + y - 45 = -3*r. What is the remainder when y is divided by f?
11
Suppose 0 = 2*r + 5*q - 54, 4*q - 2*q = 3*r - 81. Suppose -2*y = -2*o + 26, -2*o + 3*y + r = 2*y. Calculate the remainder when 67 is divided by o.
11
Suppose -n + 10 = -6*n. Suppose 2*i = 4*t + 4, -t - 4*i = -4*t - 3. What is the remainder when 68 is divided by (t + 10)*(n - -4)?
14
Let j = -1 - -10. Suppose c + 2*c + r = 21, -3*c - 2*r = -21. Suppose -c*f + 10*f = 15. Calculate the remainder when j is divided by f.
4
What is the remainder when 62 is divided by 5/(-30) + (-364)/(-24) + 3?
8
Let f(h) = -4*h - 14. Let v be ((-100)/(-15))/1*(-6)/5. Calculate the remainder when f(v) is divided by 10.
8
Let n(m) = -m**2 - 28*m - 132. Calculate the remainder when (-354)/(-2) + 0 + 1 is divided by n(-7).
13
Let l(r) = r**2 - 22*r + 107. What is the remainder when l(18) is divided by 27?
8
Let j be (-7 + 1)/((-3)/(-14)). Let g be j/(-2)*3/6. Let i = g + 13. Calculate the remainder when i is divided by 11.
9
Let y(a) = -a**2 + 4. Suppose 84 = 3*o + 3*q, -2*o + 5*q + 48 = 6. Calculate the remainder when o is divided by y(0).
2
Suppose -16*t = -6*t - 220. Calculate the remainder when 403 is divided by t.
7
Let v = 52 - 56. Calculate the remainder when (v + 0 - -1) + 8 is divided by 4.
1
Suppose 10*o - 13*o = -4*m + 469, m - o = 118. What is the remainder when m is divided by 35?
10
Let s(h) = h + 22. Calculate the remainder when 4040/35 - (-9)/(-21) - (-54)/(-9) is divided by s(0).
21
Let g = 285 - 146. Let t = g - 88. Calculate the remainder when t is divided by 18.
15
Let i = -1268 - -1310. Calculate the remainder when 61 is divided by i.
19
Calculate the remainder when 193 is divided by (-6 - 14)/(-5)*5.
13
Calculate the remainder when 398 is divided by 46/2 + (-6 - -4) + -2.
18
Suppose -m = -2*v - 6, 5*m - 1 - 29 = v. Let n(g) = -g**3 + 5*g**2 + 9*g - 9. Calculate the remainder when 13 is divided by n(m).
4
Let x(h) = -h**2 + 25*h + 47. What is the remainder when x(21) is divided by 12?
11
Suppose 0 = 5*t - 20, 5*t = 5*i + t - 204. Calculate the remainder when i is divided by 12.
8
Let g be (-2)/(-1) + -2 - -4. Suppose 0 = 2*r + 4*p - 178, 3*p = r + 2*r - 258. Suppose -x = -g*x + r. Calculate the remainder when 115 is divided by x.
28
Let n = 15 + 0. Let a be 8/10 + (-27)/n. Let h(f) = -2*f**3 + 2*f**2 + f. What is the remainder when 14 is divided by h(a)?
2
Let l be 20/(-10) + (-1 - -7). Suppose -13 = -z - l. What is the remainder when 62 is divided by z?
8
Suppose 8*w + 87 = 11*w. Calculate the remainder when 112 is divided by w.
25
Calculate the remainder when 98 is divided by (6/(-9))/1*-30.
18
Let y = 46 - 41. Suppose -z - 136 = -y*z. What is the remainder when (-664)/(-5) - (-1)/5 is divided by z?
31
Let k be -1*2 - (-12 - 79). Suppose -k = -m - 19. Calculate the remainder when m is divided by 36.
34
Let n(q) = q**3 + 9*q**2 + 17*q + 20. Calculate the remainder when 48 is divided by n(-6).
22
Suppose 0 = 2*z + v - 15 - 247, -z = -5*v - 120. Let y be (3/2)/((-6)/(-16)). Suppose -z = -h - y*h. Calculate the remainder when 50 is divided by h.
24
Suppose i - 6*i + 55 = 0. Suppose i = f + 5*a, -4*f = a + 17 - 61. Suppose 2*x + 15 = 53. What is the remainder when x is divided by f?
8
Let p be 2*(3 - 4) + 47. Suppose -6*f = -f - p. What is the remainder when 15 is divided by f?
6
Suppose 8 + 8 = 4*j, -62 = -3*s - 5*j. Let q(i) be the second derivative of i**5/20 - i**3/3 - 3*i**2/2 + 3*i. What is the remainder when q(4) is divided by s?
11
Suppose 4*v + 2*b = 1680, 0 = -5*v - 75*b + 71*b + 2106. What is the remainder when v is divided by 17?
10
Let p be 53/(-3) - 4/(-6). Let f = 27 + p. Calculate the remainder when 28 is divided by f.
8
Suppose 0 = -2*d + c + 302, -14*d + 17*d - 454 = 2*c. What is the remainder when d is divided by 53?
44
Let b(y) = y**3 - 4*y**2 - 2*y - 3. Let h(p) = p**2 + 7*p + 7. Let w be h(-5). Let v be b(w). Let t = -34 - v. Calculate the remainder when t is divided by 14.
12
Let u = 1433 - 617. Suppose 0 = 3*s - 4*k - u, 2*s = 3*s + k - 265. Suppose 4*w - s = 156. What is the remainder when w is divided by 27?
25
Let j = -9 + 15. What is the remainder when j is divided by (2 - 4)*(-8 - (-39)/6)?
0
Suppose 0 = -6*z + 3*z + 204. Suppose 3*o = z + 40. What is the remainder when 106 is divided by o?
34
Suppose -9*d + 8*d - o + 69 = 0, -d = 3*o - 75. Calculate the remainder when d is divided by 43.
23
Let l = 12 - -73. Let n(d) = -3*d**2 + 26*d - 13. Let t be 3 + 116/(-36) + 195/27. Calculate the remainder when l is divided by n(t).
19
Let s(y) = -y**2 + 6*y + 11. Let w be s(7). Suppose -w*n = 2*l - 36, 5*n - 3*n + 2*l = 18. Calculate the remainder when n is divided by 4.
1
Let b be -3 - 116/(-8)*2. Suppose 5*c + b = -4. What is the remainder when 35 is divided by (3*c)/((-14)/7)?
8
Let j(d) = d**2 + 2*d - 226. What is the remainder when j(-32) is divided by 67?
64
Suppose -i = 2*i - 4*w, 0 = -5*w + 15. Let x be i/6 - 38/(-6). Suppose -3*l + x = -5. Calculate the remainder when 7 is divided by l.
3
Suppose -71*g + 105*g - 2414 = 0. What is the remainder when 352 is divided by g?
68
Let s = 45 - 47. Suppose -2*z = -5*r - 43, -2*z - r = z - 22. Calculate the remainder when s/z - 868/(-18) is divided by 17.
14
Let b(a) = 1 + 5*a - a + 3*a. Let d(u) = u**3 + 14*u**2 - 50*u + 27. Calculate the remainder when b(4) is divided by d(-17).
9
Let d = -2158 - -2268. What is the remainder when 545 is divided by d?
105
Suppose -4*q - 12 + 56 = 0. Calculate the remainder when q is divided by (15/35)/(8/56).
2
Let u(y) = y**3 + 3*y**2 - y + 9. Let v be u(-4). What is the remainder when 95 is divided by 76/3 - (-1)/9*v?
20
What is the remainder when ((-21)/12)/((-12)/912) is divided by 45?
43
Suppose -7*v = 3*v. What is the remainder when 121 is divided by v - -28 - (-1 - 7 - -5)?
28
Suppose -v + 4*n + 8 = 6, -3*v = 2*n - 34. Calculate the remainder when 15 is divided by v.
5
Suppose 38*y - 64*y - 338 = 0. Suppose 5*z - 76 - 49 = 0. Let j = y + z. What is the remainder when 46 is divided by j?
10
Let u = 4 + 85. Let p = u - 37. What is the remainder when 101 is divided by p?
49
What is the remainder when (-1323)/(-35) - 2/(-10) is divided by (-5)/3*-6*1/1?
8
Suppose -m - 3*m = -4*i, 5*m + i = -24. Let r = 3 - m. What is the remainder when (-2)/10 + (-126)/(-5) is divided by r?
4
Calculate the remainder when 81 is divided by (-144)/(-60)*(11 - 1).
9
Let a = 86 - 79. Suppose 4*r = a*r - 39. Calculate the remainder when r is divided by 5.
3
Let h = 920 - 673. What is the remainder when h is divided by 31?
30
Let l(k) = k**3 - 5*k**2 - 4*k + 4. Let j be l(6). Suppose -3*q = -2*q - j. What is the remainder when ((-945)/(-147))/((-3)/21*-1) is divided by q?
13
Let o(v) = 144*v